 is the greatest common factor of 39030234 and 12888?
1074
Calculate the greatest common divisor of 366411 and 11.
1
What is the highest common divisor of 13124 and 773908?
68
Calculate the highest common factor of 7892 and 612.
4
What is the greatest common factor of 1080 and 3607752?
24
Calculate the highest common factor of 9702 and 1171100.
98
Calculate the highest common divisor of 212803 and 57395.
883
What is the greatest common factor of 1596 and 4069686?
114
Calculate the highest common factor of 251634 and 1014.
6
What is the greatest common divisor of 46791 and 2344032?
27
Calculate the highest common factor of 25957 and 23533.
101
Calculate the highest common divisor of 13650 and 10410750.
1050
Calculate the greatest common divisor of 5976 and 258138.
18
Calculate the greatest common factor of 176749 and 8992.
281
What is the highest common factor of 23 and 4640411?
23
Calculate the greatest common divisor of 45954 and 593262.
414
What is the highest common divisor of 168570 and 9450?
90
Calculate the greatest common divisor of 206402417 and 78.
13
What is the greatest common divisor of 2040 and 480488?
136
What is the greatest common factor of 69948930 and 466?
466
What is the highest common divisor of 135 and 64596096?
27
What is the greatest common factor of 9178246 and 52430?
1498
What is the highest common factor of 27588057 and 189?
21
What is the greatest common factor of 666716 and 18?
2
Calculate the highest common factor of 5023 and 3018903368.
5023
Calculate the highest common factor of 1885 and 71760065.
1885
What is the greatest common factor of 2174965925 and 145?
145
Calculate the highest common factor of 1564691 and 18198.
337
Calculate the highest common factor of 519068 and 891803.
2761
What is the greatest common divisor of 11825575 and 696500?
4975
What is the highest common factor of 42720 and 297?
3
What is the highest common factor of 2411431 and 2827?
2827
Calculate the greatest common divisor of 5523 and 15749202.
21
What is the highest common factor of 68829 and 1113?
3
Calculate the highest common divisor of 83692 and 50764.
1372
Calculate the highest common factor of 1240440 and 1440.
120
What is the highest common divisor of 42896 and 46726?
766
What is the highest common factor of 2289 and 880284?
327
What is the highest common divisor of 26507461 and 177?
59
What is the greatest common factor of 221739 and 777?
21
What is the highest common divisor of 5570 and 4947274?
1114
What is the greatest common divisor of 265415 and 26705?
545
Calculate the greatest common divisor of 10672 and 80.
16
What is the greatest common factor of 46 and 5135072?
46
Calculate the greatest common factor of 675 and 74636675.
25
Calculate the highest common factor of 9980 and 592269088.
1996
Calculate the greatest common factor of 185965038 and 1414.
1414
Calculate the greatest common factor of 98964 and 8724.
12
What is the highest common factor of 11745 and 1010610?
135
Calculate the highest common divisor of 5658 and 2713995.
123
What is the greatest common divisor of 70920 and 493288?
1576
What is the greatest common divisor of 423 and 128402073?
423
What is the highest common divisor of 2182217 and 3841?
23
Calculate the greatest common factor of 4927 and 1762729.
379
What is the greatest common factor of 44517 and 419463?
627
Calculate the highest common factor of 37 and 427850573.
37
What is the greatest common factor of 171 and 529444728?
171
What is the highest common divisor of 4106340 and 720?
180
Calculate the greatest common factor of 85202 and 558337.
377
Calculate the greatest common factor of 10159065 and 217.
7
What is the highest common divisor of 39 and 243166911?
39
What is the greatest common divisor of 231665 and 23240?
35
What is the greatest common factor of 7570 and 822062636?
1514
What is the greatest common factor of 193424 and 498960?
1232
What is the greatest common factor of 24258 and 179149062?
1866
What is the highest common divisor of 146257077 and 183?
183
Calculate the highest common factor of 15 and 71237355.
15
What is the highest common factor of 71687808 and 3456?
3456
What is the greatest common factor of 602 and 105488761?
301
What is the highest common factor of 204346 and 2822?
166
What is the highest common divisor of 14675 and 524191?
587
What is the highest common divisor of 12 and 17549982?
6
Calculate the greatest common divisor of 13442 and 10046894.
286
Calculate the greatest common factor of 4821 and 57860035.
1607
What is the greatest common factor of 13 and 15335333?
13
Calculate the highest common factor of 14482933 and 206.
103
What is the highest common divisor of 255200 and 150400?
800
What is the greatest common divisor of 169362 and 3104?
194
Calculate the greatest common divisor of 5535 and 16280895.
615
What is the greatest common factor of 11850872 and 1012?
44
What is the highest common factor of 32 and 359857184?
32
Calculate the greatest common divisor of 17381 and 41041.
91
What is the highest common factor of 100938852 and 590?
118
What is the highest common divisor of 24545 and 190798103?
4909
What is the greatest common factor of 48 and 18420348?
12
What is the highest common divisor of 18612 and 1812228?
132
Calculate the greatest common divisor of 333168 and 608784.
528
What is the greatest common divisor of 11981950 and 440?
10
Calculate the greatest common factor of 7979763 and 7293.
33
What is the greatest common factor of 573896 and 2610603?
3119
Calculate the greatest common divisor of 928660 and 368986.
118
What is the greatest common divisor of 4216 and 11657736?
248
Calculate the highest common factor of 7650 and 547689.
51
What is the greatest common factor of 1146 and 3536690082?
1146
What is the greatest common divisor of 3711304 and 3596?
116
What is the highest common factor of 13671 and 161?
7
Calculate the highest common divisor of 2350 and 4660350.
50
What is the greatest common factor of 53612440 and 5880?
280
Calculate the highest common divisor of 69 and 378704959.
23
What is the highest common divisor of 9000 and 208686000?
3000
Calculate the highest common factor of 17398832 and 456.
152
Calculate the highest common divisor of 57703837 and 109.
109
Calculate the greatest common divisor of 40410490 and 10.
10
What is the greatest common divisor of 378 and 964628?
14
Calculate the greatest common factor of 189 and 345794157.
27
Calculate the greatest common factor of 29229776 and 1612.
124
Calculate the greatest common factor of 12835522 and 1988.
994
Calculate the greatest common divisor of 20496190 and 185614.
3146
Calculate the greatest common factor of 724 and 38105930.
362
What is the greatest common divisor of 52976 and 77642950?
6622
Calculate the greatest common factor of 23075 and 162400075.
1775
Calculate the greatest common factor of 25576594 and 716.
358
Calculate the highest common factor of 12 and 10469912.
4
What is the greatest common divisor of 82450 and 375390?
970
What is the greatest common divisor of 41014825 and 30?
5
What is the greatest common divisor of 150 and 55329990?
30
Calculate the highest common factor of 45012313 and 74.
37
Calculate the highest common factor of 13971074 and 26962.
1586
What is the greatest common divisor of 68232 and 27288?
24
Calculate the greatest common factor of 25 and 20848675.
25
Calculate the highest common factor of 2287 and 218932223.
2287
What is the highest common factor of 329050725 and 22085?
3155
What is the greatest common divisor of 504836940 and 120?
60
Calculate the highest common divisor of 143437 and 29729.
217
Calculate the greatest common factor of 16054 and 127483418.
698
Calculate the highest common divisor of 171954072 and 144.
72
What is the greatest common divisor of 384 and 709812?
12
What is the highest common factor of 79379075 and 72283?
1763
What is the highest common divisor of 2166502 and 2241486?
2678
Calculate the highest common divisor of 16251 and 3915.
3
What is the greatest common divisor of 18407865 and 25095?
105
What is the greatest common divisor of 1444 and 7264403?
361
What is the highest common divisor of 16246590 and 18?
6
What is the highest common factor of 8921395 and 161?
7
What is the greatest common factor of 6901 and 26867?
67